 prime factors of z?
2, 43
Suppose -362*l + 365*l = -5*s + 302619, 3*l = -6*s + 363144. What are the prime factors of s?
3, 5, 269
Let d be (-90)/(-6) - 4 - -2. Suppose -d*g = -3383 - 2246. What are the prime factors of g?
433
Let u(f) = -45*f + 176. Let y(l) = -11*l + 42. Let w(t) = 6*u(t) - 26*y(t). Suppose -o - 4*o = -45. What are the prime factors of w(o)?
2, 3
List the prime factors of -1231*1/(-3)*(-198 - -204).
2, 1231
Suppose 0 = -43*f + 38*f - 25. Let c be (4/(-8))/(f/(-670)). Let w = c + 117. What are the prime factors of w?
2, 5
Let i(c) = -c**2 - 6*c + 22. Let t be i(-8). Suppose 12*x + t = 14*x. Suppose -x*p - 4 = -295. What are the prime factors of p?
97
Let a = 20086 - 12050. What are the prime factors of a?
2, 7, 41
Suppose 10*q - 14*q + 5*c + 8 = 0, -4*c - 16 = 0. List the prime factors of q + 79 + (-12)/6.
2, 37
Let m(n) = 7*n**2 + 6*n - 1. Let i(v) = 6*v**2 + 7*v. Let z be ((-3)/(-2) + -4)/((-3)/6). Let q(j) = z*m(j) - 6*i(j). What are the prime factors of q(-10)?
3, 5
Let x = 31444 - -14191. What are the prime factors of x?
5, 9127
Let z(t) = 33 + 58*t - 8 + 4 + 4. Let r be z(9). Suppose o - 4*a - 168 = 0, 5*a + r = 3*o + 58. What are the prime factors of o?
2, 41
Suppose 5*x - 1683 = -8. Let k = x + 124. List the prime factors of k.
3, 17
Suppose 107*d + 810971 = 2577327. What are the prime factors of d?
2, 4127
Suppose -8*o - 440 = -520. What are the prime factors of o/(-75) + 38528/60?
2, 3, 107
Let h = 26 + -23. Suppose h*s + 399 = 978. What are the prime factors of s?
193
Suppose -22 = -3*n - h - 6, -5*h + 40 = 5*n. Suppose -710 = -v + 5*x, n*v + 4*x - 681 = 2159. What are the prime factors of v?
2, 5, 71
Let v be (-2)/13 - 603/(-117). Suppose 0*k - v*m - 6 = 3*k, -m = -4*k + 15. Suppose -4*i - z + 410 = 0, 2*i + k*z + 315 = 5*i. What are the prime factors of i?
103
Let g(j) = j**2 - 6*j - 2. Let n be g(6). List the prime factors of (6877/(-26))/(6/4 + n).
23
Suppose 5*j + 499 - 9399 = 5*l, 5*j = -l + 8918. What are the prime factors of j?
1783
Suppose -w = 3*w - 20, -3*w + 2142 = -3*i. Let m = -161 - i. List the prime factors of m.
2, 137
Let z = 16012 + 153. List the prime factors of z.
5, 53, 61
Let n be 2/(-6) - ((-416)/(-3))/(-8). Let h(a) = n + 14*a + 3*a**3 + 7*a - 2*a**3 + 14*a**2. List the prime factors of h(-11).
149
Let t be 327/((-1 + 0)*-3). Let l = 157 - t. What are the prime factors of l/16 - (-65)/1?
2, 17
Suppose 119*l + 96 = 122*l. Let c = l + -35. Let g(t) = t**2 - 3*t + 4. List the prime factors of g(c).
2, 11
Let g = 78 + -46. Suppose 0 = 3*w - w - 190. Let f = w - g. What are the prime factors of f?
3, 7
Suppose -4*c + 3*i - 5042 + 15564 = 0, -6 = 3*i. What are the prime factors of c?
11, 239
Let n be ((-6)/(-10))/((-14)/(-560)). List the prime factors of (n/32)/(2/584).
3, 73
What are the prime factors of 27/(-3) - ((-8585 - -12) + -13)?
3, 953
Suppose g - z - 2 = 0, -253*g + 248*g + 10 = -3*z. Suppose 98 = 4*o + 6. Suppose -g*j + o = 13. List the prime factors of j.
5
Suppose -8*x + 84846 + 70618 = 0. List the prime factors of x.
19433
Let k(l) = -62*l**3 + 6*l**2 + 7*l + 1. Let y be k(-1). Suppose 3*u - g = -5*g - y, 5*u - 2*g = -60. What are the prime factors of (1 + u/6)*(-2295)/30?
2, 3, 17
Suppose -18*r + 87994 = -235245 - 24773. What are the prime factors of r?
2, 7, 1381
Let u = 20 - 14. Let r be (8/12)/(u/27). Suppose -3*v + 451 = 2*v - r*f, 0 = -2*f - 4. What are the prime factors of v?
89
Let s = 8715 + -2704. What are the prime factors of s?
6011
Let n = 185 - -77. Let p = n + -103. What are the prime factors of p?
3, 53
Suppose z + 14777 = t + t, -5*t = -5*z - 36930. List the prime factors of t.
19, 389
Let c be (24/(-40))/((-2)/10). Let k = -17 + c. Let s(i) = -i**3 - 15*i**2 - 17*i - 21. List the prime factors of s(k).
3, 7
Suppose -106*k = -154*k + 216624. List the prime factors of k.
4513
List the prime factors of (-15)/(-25) + (-8121)/90*-6.
2, 271
Suppose -2*d + 252211 - 58941 = 9*d. What are the prime factors of d?
2, 5, 7, 251
Let v = 18 - 14. Suppose 3*i + 13 = 2*b, 2*i + v*b = -b + 4. List the prime factors of 28*(12/18)/((-1)/i).
2, 7
Suppose 2*b - 2*l - 10 - 10 = 0, 0 = 2*l. Let k(a) = -a + 7. Let u be k(b). What are the prime factors of ((-75)/u)/((-5)/(-30))?
2, 3, 5
Suppose -14*a - 3*a = 2*a - 268565. List the prime factors of a.
5, 11, 257
Let x(u) = -15*u + 120. Let q be x(7). Suppose -q*y = -14*y - 109. List the prime factors of y.
109
Let n(o) = 95*o**3 - 14*o**2 + 13*o + 22. What are the prime factors of n(6)?
2, 47, 107
Suppose 4*w - 3*f = -2661 + 35891, 5*f = 4*w - 33242. List the prime factors of w.
19, 23
List the prime factors of (-60653100)/(-3150) - 2/(-42).
5, 3851
Let j be (-1 + -1905 + 8)*(-7)/2. Suppose 0 = 36*u - 23*u - j. List the prime factors of u.
7, 73
Let z(l) = -1186*l - 649. What are the prime factors of z(-7)?
3, 2551
What are the prime factors of 2*(23111/22 + -10 - (1 - 3))?
3, 5, 139
Let t = 3301 - 2217. Suppose z = -4*q + 245, -5*z - 4*q = -t - 125. What are the prime factors of z?
241
Let w(s) = s**2 + 8*s - 15. Let f be w(-11). Suppose 5*n = 5*j + 3*n - 4, 0 = 3*j + 4*n - f. List the prime factors of 2 + 2 + (69 - j).
71
Let g be (-7)/7 - (-78 - 1). Let r = -61 + g. Suppose 324 = -r*f + 21*f. What are the prime factors of f?
3
Suppose 13*c + 67 = 14*c. Let n = c - -802. List the prime factors of n.
11, 79
Let k = -16 - -16. Let s be 216/3*1/(k - -2). Suppose -2*l = -54 - s. List the prime factors of l.
3, 5
Let h = 225 + 150. Let q = h - 122. What are the prime factors of q?
11, 23
Suppose 4*j = 3*o + 15312, -13*j + 14*j - 3828 = 5*o. What are the prime factors of j?
2, 3, 11, 29
Let p = 38 + -23. Let x = 40 - p. Let y = -15 + x. List the prime factors of y.
2, 5
Let z(g) = 2*g**2 - 7*g + 1. Let j(h) = -3*h**2 + 15*h - 1. Let x(b) = 3*j(b) + 5*z(b). Let c = 774 + -768. What are the prime factors of x(c)?
2, 7
Let h be 0*(-1 + 1/2). Suppose 7*j + 45 + 67 = h. What are the prime factors of j/(-6)*(-1 + 798/24)?
2, 43
Suppose 10 = 5*a, s = -6*a + 4*a - 112. Let l = 233 + s. Suppose 3*z = 5*j - j + l, 0 = -z + j + 40. List the prime factors of z.
43
Suppose -165*t + 1743046 + 2098085 + 163254 = 0. What are the prime factors of t?
7, 3467
Let v = 15707 + 10962. List the prime factors of v.
26669
Let u = -119 - -163. Suppose 29*g = u*g - 12330. What are the prime factors of g?
2, 3, 137
Suppose 7*x = -21*x - 5*x + 491106. List the prime factors of x.
2, 7, 1063
Suppose 1 = -0*p - p. Let v(z) = -12 - 1167*z + 6 + 7 + 1062*z. List the prime factors of v(p).
2, 53
Let j(i) be the first derivative of i**4/4 + 13*i**3/3 + 13*i**2/2 - 8*i + 14. Let a be j(-10). Suppose -5*b + a = -3*b. What are the prime factors of b?
3
Let z be (-5 + 4)*-6 + -6. Suppose z = 15*w + 1323 - 3588. List the prime factors of w.
151
Let s(n) = 5*n**3 - 3*n**2 + 1. Let t be s(1). Suppose -t*h - 306 = 5*f, 4*f - 5*h + 97 + 170 = 0. Let w = f - -83. List the prime factors of w.
2, 5
Suppose 2*a = -a + 4*v + 3716, -2*a = v - 2481. List the prime factors of a/3 + -2*5/(-6).
5, 83
Let d(r) = 2851*r + 4287. What are the prime factors of d(7)?
2, 11, 19, 29
Let k(c) = -17*c**3 - 38*c**2 - 383*c - 3. What are the prime factors of k(-10)?
17027
What are the prime factors of (-13842)/(-27) - ((-6)/36)/(1/2)?
3, 19
Let k(i) = -i**3 - 40*i**2 - 98*i + 162. What are the prime factors of k(-51)?
3, 11257
Let z be (4 - 2)*(-1689)/(-6). Let b = z + -329. List the prime factors of b.
2, 3, 13
Let l = 32 - -3645. List the prime factors of l.
3677
Let y(t) = 1085*t**2 + 322*t - 1311. What are the prime factors of y(4)?
3, 5779
What are the prime factors of (14188 - -4) + 2/(-20)*-10?
3, 19, 83
Let y be 2/5 + 20/(-50). Suppose 5*j - 4*a - 3174 = 0, y = 3*j - 5*a + 10*a - 1897. What are the prime factors of j?
2, 317
Let s(h) = -h**2 - h. Let a(x) = 3*x**2 + 13*x - 6. Let l(v) = -a(v) - 2*s(v). Let u = -83 + 73. What are the prime factors of l(u)?
2
Let m be 3 + 3*(5 - 6). What are the prime factors of m/(-4) - -3 - (-425 - 5)?
433
Suppose 3*s = 4*b + 19, 3*s + 5*b - 10 = -0*s. Suppose s*v - 199 = 6*v. Let u = -128 - v. List the prime factors of u.
71
Let c(j) = j**3 - 24*j**2 - 4 + 19 - 57*j - 6 + 136*j + 13. What are the prime factors of c(20)?
2
Let g(o) = o**2 - 11*o + 28. Let z be g(